r of 6 and s?
6
Suppose -3*p + 5*a - 3*a = -9, -a = 4*p - 1. Let g = -33 - -20. Let i = -6 - g. What is the highest common factor of i and p?
1
Let l be 2/(-5) + (-37)/(-5). Let m be 44/20 + -2 + 36445/25. Suppose -u - m = -l*u. What is the highest common divisor of 27 and u?
27
Suppose -s = -2*s - 4, -3*s - 2 = i. Let p(z) = 18*z**3 - 2*z**2 + 3*z - 4. Let a be p(1). Calculate the greatest common factor of a and i.
5
Let k = 26292 + -26157. What is the greatest common divisor of k and 2916?
27
Let h = 514 + -310. What is the greatest common divisor of h and 238?
34
Suppose -2*c - 3*o = 679 - 2003, 676 = c + 5*o. What is the greatest common factor of 736 and c?
16
Suppose 4*m = -0*m + 60. Let j(g) = g**2 + 2*g - 14*g + 8*g + 5. Let v be j(0). Calculate the highest common divisor of m and v.
5
Let o(x) = -26*x**3 - 5*x**2 - 3*x - 15. Let s be o(-4). Calculate the highest common factor of 279 and s.
93
Let f(b) = b**2 - 64*b - 4586. Let p be f(107). Calculate the highest common divisor of 21135 and p.
15
Let d(a) = -a**2 + 9*a + 12. Let s be d(10). Let h = s + 28. Let z be (-390)/(-104)*(1 + 3). What is the greatest common factor of z and h?
15
Suppose -5*r = -7*w + 1360, 2*w + 0*r + 3*r = 362. Calculate the highest common factor of w and 76.
38
Let c be (23 - 24)*426/(-2). What is the greatest common divisor of c and 994?
71
Let t(f) = -198*f - 2872. Let b be t(-16). What is the greatest common divisor of b and 200?
8
Let z be ((-16)/3*(-45)/10)/1. Let s = -14 - -14. Suppose -5*i + s*i = -5*k + 45, -5*k - 3*i + 37 = 0. What is the highest common divisor of z and k?
8
Let p = -49 - -55. Suppose -81 = -5*m - p. Let l be ((-78)/4)/(m/(-60)). What is the highest common factor of l and 52?
26
Let p = -232 + 397. Suppose 0 = -4*l + 3*g + 252, 5*l - 2*g + 13 = 335. What is the highest common factor of l and p?
33
Let b = -4 + 6. Let l be 1 - -128 - 60/(-3 + -9). What is the greatest common divisor of b and l?
2
Suppose -242*p + 4*d = -243*p + 752, 5*p - 3798 = -d. What is the greatest common divisor of p and 665?
95
Let w = -417303 - -417606. Let s be (6/4)/(1/2). What is the highest common divisor of w and s?
3
Let h = -140 + 470. Suppose 0 = -2*s + 4*m + 199 + 145, 6 = -2*m. Let j = 196 - s. What is the highest common divisor of h and j?
30
Let k(r) = r**3 - 5*r**2 + 12*r + 17. Let b = -170 - -178. Let u be k(b). Calculate the highest common factor of 5 and u.
5
Suppose 5*k + 8*f - 7020 = 10*f, -4*f = 3*k - 4238. Calculate the highest common divisor of k and 1184.
74
Let v(u) = -518*u + 962. Let t be v(-7). Calculate the highest common divisor of 222 and t.
74
Let m be -4 + 2 + -3 - -99. Suppose 69 = 3*u - 3*o, -13*u - 2*o = -8*u - m. What is the highest common divisor of 5 and u?
5
Let t be (-5*12/16)/((-3)/4). Suppose 8 = -t*f + 5*d - 7, -4*f + 24 = 5*d. What is the greatest common factor of 5 and f?
1
Let c be (1/(-3))/((-70)/1254540). What is the highest common divisor of 522 and c?
58
Suppose 2*g = -2*w + 590, -2*w = 4*g - 421 - 165. What is the highest common divisor of w and 27?
27
Let j be -6 - (-492100)/30 - (-15)/9. Calculate the greatest common divisor of j and 31.
31
Let a = -31817 - -34847. What is the highest common divisor of a and 510?
30
Let i = 7140 + -7067. Calculate the highest common divisor of 9563 and i.
73
Suppose 3*k - 2*x - 946 = 0, -5*k + 2*x + 0*x = -1570. Suppose 159 = -p - 5*i + 223, -2*p + 73 = -i. What is the highest common divisor of k and p?
39
Let h(n) = 18*n**2 + 7*n + 4. Let l be h(-4). Let c be (33/(-7))/((-80)/504 + 11/99). What is the greatest common factor of l and c?
33
Let a = -23503 + 24189. What is the greatest common divisor of a and 238?
14
Suppose 10*c - 393 = -143. Let z be 562/5 + -9 + 215/c. Suppose -2*k + 3 = -61. What is the highest common divisor of k and z?
16
Let m = -724 - -763. Calculate the greatest common divisor of 21 and m.
3
Let x be 123 + (-2 - 3 - (-14 - -7)). Suppose -21*r + 17*r + 4*v + 408 = 0, -v = r - 98. What is the highest common divisor of r and x?
25
Let j(k) = -975*k + 8454. Let f be j(8). What is the highest common factor of f and 174?
6
Let x = 60 - 58. Suppose -h - 4 = x*l - 9, -2*h + 4*l = 6. Calculate the highest common factor of h and 2.
1
Suppose -h = -9*h + 496. Let x = h - 38. Calculate the highest common divisor of x and 16.
8
Suppose -2*n + 1 = 5*h - 12, 5*n + 2*h - 22 = 0. Calculate the greatest common factor of n and 128.
4
Let h = 10492 + -10390. Calculate the greatest common factor of h and 29886.
102
Suppose -5*g - 2*g = -70. Suppose 6*q = g*q - 340. Let v(x) = -3*x + 17. Let w be v(0). Calculate the highest common divisor of q and w.
17
Let k be 16 - (-1)/(0 + -1). Suppose 13*m - 1245 = 8*m. Let a = m + -239. Calculate the greatest common divisor of k and a.
5
Let t be 54/15 - 18/(-45). Suppose -5*j + 8*j = -4*p + 107, -t*p + 5*j = -99. Calculate the highest common factor of p and 26.
26
Suppose 83*j - 1843172 = -546214. Calculate the greatest common factor of j and 26.
26
Let v = 42 - 9. Suppose 23*h + 33*h + 127512 = 0. Let u be h/(-209) - (-4)/38. Calculate the highest common factor of v and u.
11
Suppose 53*t - 24*t = 29. Let z be ((-8)/24)/(t/(-1311)). Calculate the greatest common factor of z and 46.
23
Suppose -291*q - 41935 + 115267 = 0. What is the greatest common factor of q and 238?
14
Let o(s) = -s**3 - 57*s**2 + 44*s - 692. Let u be o(-58). Calculate the greatest common divisor of u and 552.
24
Let j(a) = -5*a - 10. Let q be j(-4). Suppose -q*g + 1280 = -70. Let d be ((-27)/6)/(5/(-50)). What is the greatest common factor of d and g?
45
Let w = 858 - 1164. Let z = w - -378. Calculate the greatest common divisor of z and 90.
18
Let f(z) = z**2 - z + 1. Let g(q) = 5*q**2 + 14*q + 54. Let r(s) = -3*f(s) + g(s). Let y be r(-5). Calculate the highest common factor of y and 8.
8
Suppose 86*m - 292 - 1772 = 0. Suppose 0*j = -2*j + 12. What is the greatest common divisor of m and j?
6
Let k be (-39)/((-27)/(-30) + (-3)/2). Suppose -5373 - 10357 = -22*s. What is the highest common factor of s and k?
65
Suppose -260 = -4*m - q + 157, m + 5*q - 147 = 0. What is the highest common divisor of 68646 and m?
102
Let a = 115 + -63. Let p be -83 + 96 - 988/(-11 + 7). What is the highest common divisor of a and p?
52
Let z(l) = 3*l**2 + 2*l + 10. Let o be z(10). Let f = o - 256. What is the greatest common divisor of 148 and f?
74
Let f = 6453 - 6433. Calculate the highest common factor of f and 1215.
5
Let v be 8601/141*(0/1 - -1). Let z = v + 23. What is the greatest common factor of z and 12?
12
Let j = 15 - 60. Let w = 78 + j. What is the highest common factor of 231 and w?
33
Let r be 7*((-8)/(-2) - 3). Let a(h) = 16*h - 7. Let g be a(r). Let l be 47 + (3 + (8 - 12))/(2/10). What is the highest common divisor of g and l?
21
Let j be 5 - (-3 - 16/(-4) - 2). Suppose j*k = 13*k - 434. Suppose k = x + x. Calculate the greatest common divisor of 31 and x.
31
Let r(o) = 60*o**2. Let k be r(1). Let c(z) = -2*z**2 - 30*z + 5. Let p be c(-11). Let n = -81 + p. Calculate the highest common divisor of k and n.
12
Let v = -6322 - -6358. Calculate the highest common divisor of 927 and v.
9
Suppose -88*g + 12960 = 89*g + 93*g. Calculate the greatest common divisor of 4016 and g.
16
Suppose r - 3416 = -4*s, -13*s - 3424 = -17*s + r. Calculate the greatest common divisor of s and 760.
95
Suppose -38*k = -41*k + 864. Suppose k = 53*i - 41*i. Calculate the greatest common divisor of 48 and i.
24
Let v be -2*(-52)/(-20)*10/(-4). Suppose v*y = 12*y + 3. Let f(d) = 3*d**2 - d - 7. Let p be f(y). Calculate the highest common divisor of 187 and p.
17
Suppose -4*f = f - 3290. Let v be (-3 - 44/(-24))/(-3*(-2)/(-72)). What is the highest common factor of v and f?
14
Let q be (28/(-11) - -2)*(46 - 7592/78). Suppose -5*b = -18 - 22. Calculate the highest common factor of q and b.
4
Let b be (-210)/(-16) - 12/96. Suppose b*h = 24*h - 198. What is the highest common divisor of 4 and h?
2
Let r = 80 + -75. Suppose 7*l = 5*l - r*j + 14, 4*j = -2*l + 18. What is the highest common factor of l and 697?
17
Suppose 24 + 2 = q. Let t = 43462 - 43449. What is the greatest common divisor of q and t?
13
Let n(j) = -j**3 - 17*j**2 - 4*j + 6. Let g be n(-17). Let r be 7*1*(9 + 13 + 52). Calculat